- 4 - (17 + 0))
12
Calculate 7 - (7 + (-6 - 2)) - 5 - 32.
-29
What is 1096 - 1084 - (1 + 3 + (-2 - -1))?
9
Calculate (-9 - 1) + (-33 - (3 - 29)).
-17
What is the value of 30 - (9 - (-3 + -12 + 10 + 11))?
27
Evaluate -7 - (16 + -44 + 15).
6
What is 7 - (-8 - (3 - 14))?
4
Evaluate 12 - (4 + (-4 - -11 - 4)).
5
Evaluate -1 + 4 - (15 + -8 + -9).
5
(-10 - -16 - 28) + -1
-23
Evaluate 2 + -12 + (16 - 2).
4
Calculate -1 - ((16 - 28) + (2 - 2 - 1)).
12
Evaluate (-21 - -26) + -12 + (0 - 10).
-17
What is the value of 32 + -8 + -4 + 6 + -4?
22
Calculate 8 - (4 + 4 + (-8 + 9 - 1)).
0
Calculate (4 - -4) + -58 - -23.
-27
What is the value of -609 + 603 - (0 - -3)?
-9
What is 22 + -16 - (1 + 16)?
-11
What is the value of 127 + -152 + 1 + 10 - -16?
2
Calculate 2 + (-3 - -10) + -28 - 7 - -8.
-18
(-3 - 25 - -15) + 29
16
Evaluate -1 + 11 - (-7 - -3 - -2 - 2).
14
Evaluate -99 - -85 - (-1 - -1 - -3 - -2).
-19
What is the value of -13 - (-19 + (7 - -41) + -15)?
-27
What is (440 - 413) + 2 + (-14 - -1)?
16
14 + (22 - (6 - -5)) + -1
24
What is (-5 + 2 - (1 + -3)) + 12?
11
What is the value of -14 + 2 + 3 - (-10 - (-22 + 6))?
-15
What is -13 - (-7 - (1 + (-2 - 6) + 6))?
-7
(4 - (2 + -1)) + (66 - 144 - -69)
-6
Calculate -13 + 12 + (12 - 2).
9
What is (18 - 2) + (-5 - 0)?
11
Calculate 3 - ((-21 - -31) + -18).
11
What is the value of (8 - (9 + -12)) + -15?
-4
What is the value of -8 + (-10 + 3 - -5) - 8?
-18
What is -11 + (3 + 0 - (-1 - -2)) + 1?
-8
Evaluate (50 - -1) + 45 + -116 + 53.
33
2 + -3 + -2 - (30 + -22 + -1)
-10
Calculate (12 - 11) + 23 + -6 - (2 - -6).
10
What is the value of 3 + (-4 - (-3 + -7)) + (7 - 7)?
9
-221 + 220 - (-2 + -15 + 1)
15
What is the value of (1 - 5) + -7 + -4 + 1 + 37?
23
Evaluate 13 - ((-1 - 1) + (-1 - (-3 + -4))).
9
Calculate -1 + ((-6 - 4 - -1) + 6 - -3).
-1
What is -22 + -1 + -21 - -11?
-33
Evaluate 12 - (15 - 25 - (-6 + -4)).
12
What is the value of (-6 - 4) + (-5 - -21) + -9?
-3
What is the value of -2 - ((2 - (-3 + (4 - -2))) + -3)?
2
Evaluate -12 - 0 - (-13 + 8).
-7
What is -3 + 2 + 3 + -12 + 9 - -3?
2
What is 25 + -62 + 23 - (-1 + 8 + -1)?
-20
Evaluate (2 + 3 - -10) + (14 - 15).
14
What is the value of (-116 - -103) + (5 - -1)?
-7
(-1 - (1 - (-1 - (-8 - -28)))) + 7
-16
64 + (15 - 42) - 5
32
(11 + -1 - 5) + 2 + -6 + 0
1
What is (3 - -4) + 13 + -13 - 10?
-3
(1 - 21) + 4 - (-4 + 4 + -6)
-10
Calculate 0 + 20 - (-348 + 351).
17
(107 - 100) + (2 - (9 - 3))
3
Calculate -10 + -12 + 10 + 2.
-10
What is the value of (0 - 6) + 3 - (-5 + 6)?
-4
Evaluate 3 + 12 + -17 + 12 - 46.
-36
What is the value of 1 + -7 - -17 - 0?
11
What is the value of (-11 - (-6 + 2)) + -10 + 8?
-9
Calculate 15 - ((3 - 6) + 11).
7
(35 - 4 - 30) + 0 + 12
13
What is the value of -1 - (8 + -9) - -6 - -2?
8
Calculate 7 + 1 - ((-19 - -64) + -52).
15
What is -3 + 21 + (0 - -1) + 25 + -30?
14
What is the value of -7 - (-16 - -1) - (3 + -2)?
7
What is the value of 1 + 14 + -17 + -1?
-3
What is -4 + -7 - -1 - (-11 - (2 + -1))?
2
What is 7 - 33 - (16 - 24)?
-18
Evaluate (-12 + 23 - 15) + 13 + -15.
-6
What is (-2 + 3 - -10) + 3 - (-37 + 42)?
9
Calculate 0 + -7 + -18 + -27 + 12.
-40
Calculate (-1 - 9) + -81 + 87.
-4
What is (-64 - -59) + (-4 - 2)?
-11
Evaluate (138 - 108) + (-6 - -1 - (16 - 20)).
29
-67 - -52 - (3 + -15)
-3
What is 30 - 13 - -12 - 4?
25
What is the value of 7 - (0 - 9 - -9)?
7
(7 + -12 - (-4 - -10)) + -10
-21
Calculate (-11 - 6) + 11 + 1 + 36 + -3.
28
What is the value of -12 + (-1 - -9) - 1?
-5
What is the value of 22 - (-10 + (10 - -12) + -2)?
12
Evaluate 15 + -42 + 16 + -2 - -13.
0
Evaluate 15 - (8 - -30) - -9.
-14
What is 4 + -2 + -3 + -4 - -14?
9
Evaluate (-1 - (-11 - (0 - 13))) + (-1 - -8).
4
Calculate -4 + (-11 + (7 - -15) - 24).
-17
Calculate -3 + -12 - -30 - 10.
5
What is 0 + -21 - (28 + -14 - 11) - -6?
-18
(6 - (-3 - (-1 - 3))) + 69 + -72
2
-1 - (-20 + 14 + 32)
-27
14 - (-3 - -30) - (-4 + 2)
-11
(5 + -1 - (8 + 2)) + (-67 - -67)
-6
16 + -34 - -18 - -4
4
Evaluate 3 + 1 - (33 + 23 + -48).
-4
Evaluate 23 + (16 + -11 - 16).
12
Calculate (-27 - (36 + -59)) + 2 + (0 - -1).
-1
Calculate (-1 - -1) + (-1 - -19 - 10).
8
What is the value of (6 - 5 - (16 + -5)) + 5 + 17?
12
Calculate 42 - (-2 - -32) - 26.
-14
What is 0 - 1 - -5 - (-4 - (4 + -12))?
0
Evaluate 6 + 5 + -5 + 10 + -33.
-17
What is the value of 4 + -2 + 5 - (-8 - -7)?
8
-9 - (13 + 18 + -41 + -9)
10
-10 + 17 - (-2 + 3) - -3 - 31
-22
Calculate -9 + 8 + -1 + -1 + 3.
0
Evaluate -16 + (50 - (43 - 20)).
11
Calculate 18 - -1 - (-2 + (-28 - -31)).
18
What is the value of 4 + (5 - 13) + 5 + 0?
1
Calculate -122 + 132 + (0 - (1 - 4)).
13
Evaluate (0 - (-7 + 1)) + (7 - (12 - 13)).
14
Calculate (0 - (-2 + 17)) + (1541 - 1499).
27
What is -4 + -4 + 12 + -2 + -6 + 6?
2
Evaluate 24 - (0 + 9) - 32.
-17
Evaluate (2 - 7) + 1 + 19 + (-85 - -82).
12
Evaluate -617 + 599 + (15 - 0).
-3
Evaluate 11 + -8 + (-2 - (12 - 23)).
12
What is the value of -9 + (16 - (7 + 9))?
-9
Calculate (17 - 1 - 14) + 4.
6
Evaluate 5 + -3 + 3 + (1 - -5).
11
(-6 - (-1 - 8)) + (9 - 18)
-6
What is -4 + 4 + 32 + -39?
-7
Evaluate 0 + -14 + 14 - -11.
11
What is the value of (3 + (-2 - -1) - -2) + (-84 - -76)?
-4
What is the value of (-6 - -1 - (-4 + (22 - 28))) + -32?
-27
-6 + 85 + -84 - (-24 - (1 - 2))
18
13 + 5 + 4 + -17
5
What is 46 - (9 + 83 + -10)?
-36
What is (-3 - 1) + (14 - 33 - -22) - 23?
-24
What is 16 + 0 - (63 + -38)?
-9
Calculate (2 + 0 - (-3 + 9)) + -9.
-13
(0 + 8 - 25) + 0 + 6
-11
Calculate 4 + 8 + (9 - 39).
-18
What is the value of (-4 - (10 - 8)) + 4 + -2 + -3?
-7
Evaluate (-12 - (11 + (-6 - -2))) + -10.
-29
-1 + -1 + 2 + 0 + -1 + -5
-6
-6 + 3 + 17 - (22 + -12) - 1
3
What is the value of -2 - ((-32 - -11) + 11)?
8
What is -16 + 5 + (28 - 16 - 4)?
-3
Calculate (1 + -1 - 2) + (-1 + 130 - 109).
18
Evaluate (-7 - (-6 + -5) - 9) + 9.
4
What is -5 + -2 - (-8 - (-3 + (-5 - -5)))?
-2
What is the value of (-12 - -2) + 1 + (4 - -5 - 3)?
-3
Calculate -21 + 30 - (-4 + 10).
3
Evaluate -1 + (-12 - 8 - -11).
-10
-17 + (-12 + (34 - 8) + -2 - 17)
-22
What is the value of 10 + -3 + -1 - (28 - 2 - 4)?
-16
(-4 - (12 - 20)) + (2 - 3 - -10)
13
What is 0 + -1 + 8 + 0 + (-34 - -32)?
5
Evaluate -2 + 35 - (-13 - (-14 + 20) - -13).
39
(5 - 6) + 1 + -13 - 20
-33
Evaluate 10 + -2 + (-2 + -4 - -28) + -33.
-3
What is the value of -3 + -1 - ((6 - 1) + -8) - 5?
-6
3 + 3 + (-2 - 3) + 2 + -8
-5
-30 + (4 - (-4 + 15 - 9))
-28
What is ((5 - 11) + -5 - -9) + (26 - 0)?
24
Calculate (-1 - -3) + -16 - -12.
-2
Calculate 3 - -14 - (13 - 3) - -9.
16
What is 2 + -16 - (-117 - -78)?
25
Evaluate -32 + 2 + (2 - (10 - 4)) + -6.
-40
Evaluate 1 + -6 + 26 + 9 - (8 - 0).
22
Evaluate (9 + -9 - (-14 - -2)) + -1 - -2.
13
19 + (-11 - -3) + -2 + 24
33
What is the value of -8 + (0 - 3 - -1) + 13 + -4?
-1
Evaluate -1 - 3 - (-60 - (30 + -83)).
3
Evaluate (0 - (1 - 2 - -5)) + (-11 - -7).
-8
(-15 + 5 - -16) + -1
5
Calculate 1 - (3 - -5) - (-13 - 0).
6
What is the value of -7 - (9 + (8 - 14) + (2 - 7))?
-5
-16 - (2 + 2 + -16)
-4
What is 12 + -11 + -7 - -11 - -2?
7
What is the value of 4 + (-13 - (6 + -8 - (-1 - 4)))?
-12
What is the value of -50 + 20 + 0 + 3 + -3?
-30
Calculate 51 + 1 + (-37 - -20).
35
-1 + -5 + 19 + -3
10
26 - 43 - 6 - 14
-37
What is the value of 2 + 8 - (36 + -45 + -2)?
21
What is 8 - 0 - ((-28 - 3) + 36)?
3
What is (5 - -1) + -6 + -2?
-2
Calculate (-6 + -2 - 3) + 5 + 11.
5
Evaluate (1 - 19 - -6) + -4.
-16
Evaluate -4 - -1 - (5 - (5 + -10)).
-13
What is the value of 18 + 0 - (13 + -9 - -19 - 18)?
13
What is -12 + (2 + -8 - -13) + (-6 - 0)?
-11
What is the value of -17 + -4 - 0 - 7?
-28
What is the value of -7 + 11 + -16 + 9?
-3
Evaluate 1 - (16 + -7 + 13 + -8 + -2).
-11
What is the value of 11 + 10 + (-25 - -10) + 1 + -8?
-1
-12 - (-15 - (-16 - (4 - (19 - 7))))
-5
Calculate (2 - 12) + -14 + (-10 - -25).
-9
Evaluate -4 - (0 - (9 + -18) - 18 - 7).
12
Evaluate -7 + -2 - (-3 + -7 + 7 - 7).
1
Evaluate -4 + -4 + 6 - ((-3 - -10) + 6).
-15
Evaluate 0 + 0 + -3 + -1 + 0 - -15.
11
Evaluate 4 - (4 + (1 - 12) + (2 - -4)).
5
What is the value of (0 - 4 - -34 - 7) + -4 - 8?
11
What is the value of 37 - (39 - 20) - 7?
11
What is the value of (0 - 2) + (-37 + -4 - -26)?
-17
-31 + -1 - ((-14 - 2) + -13 + 30)
-33
What is -4 + (-5 - -6) + -3 + -6 + 24?
12
What is the value of (92 - 79) + 0 + -2 + -31?
-